{"id":2556,"date":"2017-10-04T22:24:19","date_gmt":"2017-10-04T20:24:19","guid":{"rendered":"http:\/\/www.fermaison.com\/keskidev\/?page_id=2556"},"modified":"2024-02-01T15:20:16","modified_gmt":"2024-02-01T13:20:16","slug":"mallette-keskirisk-new","status":"publish","type":"page","link":"https:\/\/www.keski.fr\/v2\/mallette-keskirisk-new\/","title":{"rendered":"Mallette KESKIRISK"},"content":{"rendered":"\t\t<div data-elementor-type=\"wp-page\" data-elementor-id=\"2556\" class=\"elementor elementor-2556\" data-elementor-post-type=\"page\">\n\t\t\t\t\t\t<section class=\"elementor-section elementor-top-section elementor-element elementor-element-3ae7f3bc elementor-section-boxed elementor-section-height-default elementor-section-height-default\" data-id=\"3ae7f3bc\" data-element_type=\"section\">\n\t\t\t\t\t\t<div class=\"elementor-container elementor-column-gap-default\">\n\t\t\t\t\t<div class=\"elementor-column elementor-col-100 elementor-top-column elementor-element elementor-element-55286c22\" data-id=\"55286c22\" data-element_type=\"column\">\n\t\t\t<div class=\"elementor-widget-wrap elementor-element-populated\">\n\t\t\t\t\t\t<section class=\"elementor-section elementor-inner-section elementor-element elementor-element-23acd66 elementor-section-boxed elementor-section-height-default elementor-section-height-default\" data-id=\"23acd66\" data-element_type=\"section\">\n\t\t\t\t\t\t<div class=\"elementor-container elementor-column-gap-default\">\n\t\t\t\t\t<div class=\"elementor-column elementor-col-100 elementor-inner-column elementor-element elementor-element-83eb2e9\" data-id=\"83eb2e9\" data-element_type=\"column\">\n\t\t\t<div class=\"elementor-widget-wrap elementor-element-populated\">\n\t\t\t\t\t\t<div class=\"elementor-element elementor-element-b9c8d17 elementor-widget elementor-widget-heading\" data-id=\"b9c8d17\" data-element_type=\"widget\" data-widget_type=\"heading.default\">\n\t\t\t\t<div class=\"elementor-widget-container\">\n\t\t\t\t\t<h2 class=\"elementor-heading-title elementor-size-default\">Un jeu de plateau pour sensibiliser aux Risques Professionnels<\/h2>\t\t\t\t<\/div>\n\t\t\t\t<\/div>\n\t\t\t\t\t<\/div>\n\t\t<\/div>\n\t\t\t\t\t<\/div>\n\t\t<\/section>\n\t\t\t\t<section class=\"elementor-section elementor-inner-section elementor-element elementor-element-4b7a970 elementor-section-boxed elementor-section-height-default elementor-section-height-default\" data-id=\"4b7a970\" data-element_type=\"section\">\n\t\t\t\t\t\t<div class=\"elementor-container elementor-column-gap-default\">\n\t\t\t\t\t<div class=\"elementor-column elementor-col-50 elementor-inner-column elementor-element elementor-element-1d21174\" data-id=\"1d21174\" data-element_type=\"column\">\n\t\t\t<div class=\"elementor-widget-wrap elementor-element-populated\">\n\t\t\t\t\t\t<div class=\"elementor-element elementor-element-4a20e12 elementor-widget elementor-widget-text-editor\" data-id=\"4a20e12\" data-element_type=\"widget\" data-widget_type=\"text-editor.default\">\n\t\t\t\t<div class=\"elementor-widget-container\">\n\t\t\t\t\t\t\t\t\t<p><strong>Objectif : <\/strong><\/p><ul><li><strong>mieux conna\u00eetre et rep\u00e9rer <\/strong>les situations \u00e0 risque,<\/li><li><strong>d\u00e9velopper les attitudes et postures adapt\u00e9es<\/strong> aux situations professionnelles \u00e0 risque,<\/li><li>faire de chaque professionnel un <strong>Ambassadeur de la ma\u00eetrise des risques<\/strong>.<\/li><\/ul>\t\t\t\t\t\t\t\t<\/div>\n\t\t\t\t<\/div>\n\t\t\t\t\t<\/div>\n\t\t<\/div>\n\t\t\t\t<div class=\"elementor-column elementor-col-50 elementor-inner-column elementor-element elementor-element-cb7b9f3\" data-id=\"cb7b9f3\" data-element_type=\"column\">\n\t\t\t<div class=\"elementor-widget-wrap elementor-element-populated\">\n\t\t\t\t\t\t<div class=\"elementor-element elementor-element-8ae95db elementor-widget elementor-widget-image\" data-id=\"8ae95db\" data-element_type=\"widget\" data-widget_type=\"image.default\">\n\t\t\t\t<div class=\"elementor-widget-container\">\n\t\t\t\t\t\t\t\t\t\t\t\t\t\t\t<img fetchpriority=\"high\" decoding=\"async\" width=\"1024\" height=\"640\" src=\"https:\/\/www.keski.fr\/v2\/wp-content\/uploads\/2017\/10\/mallette_KESKIRISK-1024x640.png\" class=\"attachment-large size-large wp-image-2557\" alt=\"\" srcset=\"https:\/\/www.keski.fr\/v2\/wp-content\/uploads\/2017\/10\/mallette_KESKIRISK-1024x640.png 1024w, https:\/\/www.keski.fr\/v2\/wp-content\/uploads\/2017\/10\/mallette_KESKIRISK-300x187.png 300w, https:\/\/www.keski.fr\/v2\/wp-content\/uploads\/2017\/10\/mallette_KESKIRISK-768x480.png 768w, https:\/\/www.keski.fr\/v2\/wp-content\/uploads\/2017\/10\/mallette_KESKIRISK-600x375.png 600w, https:\/\/www.keski.fr\/v2\/wp-content\/uploads\/2017\/10\/mallette_KESKIRISK-1536x960.png 1536w, https:\/\/www.keski.fr\/v2\/wp-content\/uploads\/2017\/10\/mallette_KESKIRISK-2048x1279.png 2048w\" sizes=\"(max-width: 1024px) 100vw, 1024px\" \/>\t\t\t\t\t\t\t\t\t\t\t\t\t\t\t<\/div>\n\t\t\t\t<\/div>\n\t\t\t\t\t<\/div>\n\t\t<\/div>\n\t\t\t\t\t<\/div>\n\t\t<\/section>\n\t\t\t\t<section class=\"elementor-section elementor-inner-section elementor-element elementor-element-677946b elementor-section-boxed elementor-section-height-default elementor-section-height-default\" data-id=\"677946b\" data-element_type=\"section\">\n\t\t\t\t\t\t<div class=\"elementor-container elementor-column-gap-default\">\n\t\t\t\t\t<div class=\"elementor-column elementor-col-50 elementor-inner-column elementor-element elementor-element-3de2592\" data-id=\"3de2592\" data-element_type=\"column\">\n\t\t\t<div class=\"elementor-widget-wrap elementor-element-populated\">\n\t\t\t\t\t\t<div class=\"elementor-element elementor-element-bbe8225 elementor-widget elementor-widget-text-editor\" data-id=\"bbe8225\" data-element_type=\"widget\" data-widget_type=\"text-editor.default\">\n\t\t\t\t<div class=\"elementor-widget-container\">\n\t\t\t\t\t\t\t\t\t<p style=\"text-align: right;\"><strong>Prix :<\/strong> 249\u20ac TTC<\/p>\t\t\t\t\t\t\t\t<\/div>\n\t\t\t\t<\/div>\n\t\t\t\t\t<\/div>\n\t\t<\/div>\n\t\t\t\t<div class=\"elementor-column elementor-col-50 elementor-inner-column elementor-element elementor-element-c26fc8b\" data-id=\"c26fc8b\" data-element_type=\"column\">\n\t\t\t<div class=\"elementor-widget-wrap elementor-element-populated\">\n\t\t\t\t\t\t<div class=\"elementor-element elementor-element-23b06c5 elementor-widget elementor-widget-html\" data-id=\"23b06c5\" data-element_type=\"widget\" data-widget_type=\"html.default\">\n\t\t\t\t<div class=\"elementor-widget-container\">\n\t\t\t\t\t<form action=\"https:\/\/www.paypal.com\/cgi-bin\/webscr\" method=\"post\" target=\"_blank\"><input name=\"cmd\" type=\"hidden\" value=\"_s-xclick\" \/>\n<input name=\"hosted_button_id\" type=\"hidden\" value=\"6CWZUAS586WSG\" \/>\n<input name=\"currency_code\" type=\"hidden\" value=\"EUR\" \/>\n<input title=\"PayPal, votre r\u00e9flexe s\u00e9curit\u00e9 pour payer en ligne.\" alt=\"Ajouter au panier\" name=\"submit\" src=\"https:\/\/www.paypalobjects.com\/fr_FR\/FR\/i\/btn\/btn_cart_LG.gif\" type=\"image\" \/>\t\t\t\t<\/div>\n\t\t\t\t<\/div>\n\t\t\t\t\t<\/div>\n\t\t<\/div>\n\t\t\t\t\t<\/div>\n\t\t<\/section>\n\t\t\t\t<section class=\"elementor-section elementor-inner-section elementor-element elementor-element-0774af6 elementor-section-boxed elementor-section-height-default elementor-section-height-default\" data-id=\"0774af6\" data-element_type=\"section\">\n\t\t\t\t\t\t<div class=\"elementor-container elementor-column-gap-default\">\n\t\t\t\t\t<div class=\"elementor-column elementor-col-100 elementor-inner-column elementor-element elementor-element-db473eb\" data-id=\"db473eb\" data-element_type=\"column\">\n\t\t\t<div class=\"elementor-widget-wrap elementor-element-populated\">\n\t\t\t\t\t\t<div class=\"elementor-element elementor-element-2af8c8e elementor-align-center elementor-widget elementor-widget-button\" data-id=\"2af8c8e\" data-element_type=\"widget\" data-widget_type=\"button.default\">\n\t\t\t\t<div class=\"elementor-widget-container\">\n\t\t\t\t\t\t\t\t\t<div class=\"elementor-button-wrapper\">\n\t\t\t\t\t<a class=\"elementor-button elementor-button-link elementor-size-sm\" href=\"https:\/\/www.keski.fr\/v2\/wp-content\/uploads\/2021\/03\/KESKI_PREZ_KESKIRISK.pdf\">\n\t\t\t\t\t\t<span class=\"elementor-button-content-wrapper\">\n\t\t\t\t\t\t\t\t\t<span class=\"elementor-button-text\">Brochure Mallette KESKIRISK<\/span>\n\t\t\t\t\t<\/span>\n\t\t\t\t\t<\/a>\n\t\t\t\t<\/div>\n\t\t\t\t\t\t\t\t<\/div>\n\t\t\t\t<\/div>\n\t\t\t\t\t<\/div>\n\t\t<\/div>\n\t\t\t\t\t<\/div>\n\t\t<\/section>\n\t\t\t\t<div class=\"elementor-element elementor-element-1ef1b557 elementor-widget elementor-widget-text-editor\" data-id=\"1ef1b557\" data-element_type=\"widget\" data-widget_type=\"text-editor.default\">\n\t\t\t\t<div class=\"elementor-widget-container\">\n\t\t\t\t\t\t\t\t\t<p>Un <strong>grand plateau de jeu<\/strong> avec :<\/p><ul><li>Des cartes <b>QUIZ<\/b> : des quiz ludiques permettent de d\u00e9velopper ses connaissances sur la gestion des risques professionnels (physiques, m\u00e9caniques, chimiques, \u00e9lectriques, radiologiques, psycho-sociaux,<\/li><li>Des cartes <b>D\u00c9FI <\/b>: invitent \u00e0 r\u00e9aliser des \u00e9preuves simples pour \u00e9prouver une situation de danger et ses impacts,<\/li><li>Des cartes <b>ATTITUD<\/b>E : facilitent la r\u00e9flexion sur les comportements adapt\u00e9s selon les situations (analyse de risques, danger r\u00e9el, premier secours, devoir d\u2019information\u2026).<\/li><\/ul>\t\t\t\t\t\t\t\t<\/div>\n\t\t\t\t<\/div>\n\t\t\t\t<section class=\"elementor-section elementor-inner-section elementor-element elementor-element-41d701b elementor-section-boxed elementor-section-height-default elementor-section-height-default\" data-id=\"41d701b\" data-element_type=\"section\">\n\t\t\t\t\t\t<div class=\"elementor-container elementor-column-gap-default\">\n\t\t\t\t\t<div class=\"elementor-column elementor-col-50 elementor-inner-column elementor-element elementor-element-6dd1640\" data-id=\"6dd1640\" data-element_type=\"column\">\n\t\t\t<div class=\"elementor-widget-wrap elementor-element-populated\">\n\t\t\t\t\t\t<div class=\"elementor-element elementor-element-99f2ae1 elementor-widget__width-initial elementor-widget elementor-widget-image\" data-id=\"99f2ae1\" data-element_type=\"widget\" data-widget_type=\"image.default\">\n\t\t\t\t<div class=\"elementor-widget-container\">\n\t\t\t\t\t\t\t\t\t\t\t\t<figure class=\"wp-caption\">\n\t\t\t\t\t\t\t\t\t\t<img decoding=\"async\" width=\"441\" height=\"767\" src=\"https:\/\/www.keski.fr\/v2\/wp-content\/uploads\/2024\/02\/KESKI_KKR_INFO.png\" class=\"attachment-large size-large wp-image-5616\" alt=\"\" srcset=\"https:\/\/www.keski.fr\/v2\/wp-content\/uploads\/2024\/02\/KESKI_KKR_INFO.png 441w, https:\/\/www.keski.fr\/v2\/wp-content\/uploads\/2024\/02\/KESKI_KKR_INFO-172x300.png 172w\" sizes=\"(max-width: 441px) 100vw, 441px\" \/>\t\t\t\t\t\t\t\t\t\t\t<figcaption class=\"widget-image-caption wp-caption-text\">Exemple de carte QUIZ<\/figcaption>\n\t\t\t\t\t\t\t\t\t\t<\/figure>\n\t\t\t\t\t\t\t\t\t<\/div>\n\t\t\t\t<\/div>\n\t\t\t\t\t<\/div>\n\t\t<\/div>\n\t\t\t\t<div class=\"elementor-column elementor-col-50 elementor-inner-column elementor-element elementor-element-e37d2bb\" data-id=\"e37d2bb\" data-element_type=\"column\">\n\t\t\t<div class=\"elementor-widget-wrap elementor-element-populated\">\n\t\t\t\t\t\t<div class=\"elementor-element elementor-element-86a5c4d elementor-widget__width-initial elementor-widget elementor-widget-image\" data-id=\"86a5c4d\" data-element_type=\"widget\" data-widget_type=\"image.default\">\n\t\t\t\t<div class=\"elementor-widget-container\">\n\t\t\t\t\t\t\t\t\t\t\t\t<figure class=\"wp-caption\">\n\t\t\t\t\t\t\t\t\t\t<img decoding=\"async\" width=\"441\" height=\"760\" src=\"https:\/\/www.keski.fr\/v2\/wp-content\/uploads\/2024\/02\/KESKI_KKR_ATTITUDE.png\" class=\"attachment-large size-large wp-image-5614\" alt=\"\" srcset=\"https:\/\/www.keski.fr\/v2\/wp-content\/uploads\/2024\/02\/KESKI_KKR_ATTITUDE.png 441w, https:\/\/www.keski.fr\/v2\/wp-content\/uploads\/2024\/02\/KESKI_KKR_ATTITUDE-174x300.png 174w\" sizes=\"(max-width: 441px) 100vw, 441px\" \/>\t\t\t\t\t\t\t\t\t\t\t<figcaption class=\"widget-image-caption wp-caption-text\">Exemple de carte ATTITUDE<\/figcaption>\n\t\t\t\t\t\t\t\t\t\t<\/figure>\n\t\t\t\t\t\t\t\t\t<\/div>\n\t\t\t\t<\/div>\n\t\t\t\t\t<\/div>\n\t\t<\/div>\n\t\t\t\t\t<\/div>\n\t\t<\/section>\n\t\t\t\t<section class=\"elementor-section elementor-inner-section elementor-element elementor-element-1d1dca7 elementor-section-boxed elementor-section-height-default elementor-section-height-default\" data-id=\"1d1dca7\" data-element_type=\"section\">\n\t\t\t\t\t\t<div class=\"elementor-container elementor-column-gap-default\">\n\t\t\t\t\t<div class=\"elementor-column elementor-col-100 elementor-inner-column elementor-element elementor-element-e7e250f\" data-id=\"e7e250f\" data-element_type=\"column\">\n\t\t\t<div class=\"elementor-widget-wrap elementor-element-populated\">\n\t\t\t\t\t\t<div class=\"elementor-element elementor-element-6417056 elementor-widget__width-initial elementor-widget elementor-widget-image\" data-id=\"6417056\" data-element_type=\"widget\" data-widget_type=\"image.default\">\n\t\t\t\t<div class=\"elementor-widget-container\">\n\t\t\t\t\t\t\t\t\t\t\t\t<figure class=\"wp-caption\">\n\t\t\t\t\t\t\t\t\t\t<img loading=\"lazy\" decoding=\"async\" width=\"770\" height=\"770\" src=\"https:\/\/www.keski.fr\/v2\/wp-content\/uploads\/2024\/02\/KESKI_KKR_DEFI.png\" class=\"attachment-large size-large wp-image-5615\" alt=\"\" srcset=\"https:\/\/www.keski.fr\/v2\/wp-content\/uploads\/2024\/02\/KESKI_KKR_DEFI.png 770w, https:\/\/www.keski.fr\/v2\/wp-content\/uploads\/2024\/02\/KESKI_KKR_DEFI-300x300.png 300w, https:\/\/www.keski.fr\/v2\/wp-content\/uploads\/2024\/02\/KESKI_KKR_DEFI-150x150.png 150w, https:\/\/www.keski.fr\/v2\/wp-content\/uploads\/2024\/02\/KESKI_KKR_DEFI-768x768.png 768w, https:\/\/www.keski.fr\/v2\/wp-content\/uploads\/2024\/02\/KESKI_KKR_DEFI-600x600.png 600w\" sizes=\"(max-width: 770px) 100vw, 770px\" \/>\t\t\t\t\t\t\t\t\t\t\t<figcaption class=\"widget-image-caption wp-caption-text\">Exemple de carte DEFI<\/figcaption>\n\t\t\t\t\t\t\t\t\t\t<\/figure>\n\t\t\t\t\t\t\t\t\t<\/div>\n\t\t\t\t<\/div>\n\t\t\t\t\t<\/div>\n\t\t<\/div>\n\t\t\t\t\t<\/div>\n\t\t<\/section>\n\t\t\t\t<section class=\"elementor-section elementor-inner-section elementor-element elementor-element-9f0ba5f elementor-section-boxed elementor-section-height-default elementor-section-height-default\" data-id=\"9f0ba5f\" data-element_type=\"section\">\n\t\t\t\t\t\t<div class=\"elementor-container elementor-column-gap-default\">\n\t\t\t\t\t<div class=\"elementor-column elementor-col-100 elementor-inner-column elementor-element elementor-element-608503b\" data-id=\"608503b\" data-element_type=\"column\">\n\t\t\t<div class=\"elementor-widget-wrap elementor-element-populated\">\n\t\t\t\t\t\t<div class=\"elementor-element elementor-element-cbe917e elementor-widget elementor-widget-text-editor\" data-id=\"cbe917e\" data-element_type=\"widget\" data-widget_type=\"text-editor.default\">\n\t\t\t\t<div class=\"elementor-widget-container\">\n\t\t\t\t\t\t\t\t\t<p><strong>A l\u2019int\u00e9rieur de la mallette : <\/strong>un plateau de jeu, des pions joueurs, des pions Sant\u00e9 S\u00e9curit\u00e9 (que l&rsquo;on peut gagner ou perdre), 162 cartes QUIZ, 41 cartes D\u00c9FI, 41 cartes ATTITUDE et le mat\u00e9riel pour exp\u00e9rimenter des situations concr\u00e8tes de danger (casque anti-bruits, lunettes vision trouble, masque de nuit, charlotte\u2026).<\/p><p>Un jeu qui se pratique en groupe \u00e0 partir de 3 joueurs et jusqu\u2019\u00e0 30 joueurs. Au del\u00e0 de 10 joueurs, il est int\u00e9ressant de constituer des \u00e9quipes de 2 ou 3 joueurs.<\/p><p><strong>Dur\u00e9e<\/strong> : entre 30 minutes et une journ\u00e9e, selon le type d\u2019animation choisie.<\/p>\t\t\t\t\t\t\t\t<\/div>\n\t\t\t\t<\/div>\n\t\t\t\t\t<\/div>\n\t\t<\/div>\n\t\t\t\t\t<\/div>\n\t\t<\/section>\n\t\t\t\t\t<\/div>\n\t\t<\/div>\n\t\t\t\t\t<\/div>\n\t\t<\/section>\n\t\t\t\t<\/div>\n\t\t","protected":false},"excerpt":{"rendered":"<p>Un jeu de plateau pour sensibiliser aux Risques Professionnels Objectif : mieux conna\u00eetre et rep\u00e9rer les situations \u00e0 risque, d\u00e9velopper les attitudes et postures adapt\u00e9es aux situations professionnelles \u00e0 risque, faire de chaque professionnel un Ambassadeur de la ma\u00eetrise des risques. Prix : 249\u20ac TTC Brochure Mallette KESKIRISK Un grand plateau de jeu avec : [&hellip;]<\/p>\n","protected":false},"author":4,"featured_media":0,"parent":0,"menu_order":0,"comment_status":"closed","ping_status":"closed","template":"","meta":{"ocean_post_layout":"","ocean_both_sidebars_style":"","ocean_both_sidebars_content_width":0,"ocean_both_sidebars_sidebars_width":0,"ocean_sidebar":"0","ocean_second_sidebar":"0","ocean_disable_margins":"enable","ocean_add_body_class":"","ocean_shortcode_before_top_bar":"","ocean_shortcode_after_top_bar":"","ocean_shortcode_before_header":"","ocean_shortcode_after_header":"","ocean_has_shortcode":"","ocean_shortcode_after_title":"","ocean_shortcode_before_footer_widgets":"","ocean_shortcode_after_footer_widgets":"","ocean_shortcode_before_footer_bottom":"","ocean_shortcode_after_footer_bottom":"","ocean_display_top_bar":"default","ocean_display_header":"default","ocean_header_style":"","ocean_center_header_left_menu":"0","ocean_custom_header_template":"0","ocean_custom_logo":0,"ocean_custom_retina_logo":0,"ocean_custom_logo_max_width":0,"ocean_custom_logo_tablet_max_width":0,"ocean_custom_logo_mobile_max_width":0,"ocean_custom_logo_max_height":0,"ocean_custom_logo_tablet_max_height":0,"ocean_custom_logo_mobile_max_height":0,"ocean_header_custom_menu":"0","ocean_menu_typo_font_family":"0","ocean_menu_typo_font_subset":"","ocean_menu_typo_font_size":0,"ocean_menu_typo_font_size_tablet":0,"ocean_menu_typo_font_size_mobile":0,"ocean_menu_typo_font_size_unit":"px","ocean_menu_typo_font_weight":"","ocean_menu_typo_font_weight_tablet":"","ocean_menu_typo_font_weight_mobile":"","ocean_menu_typo_transform":"","ocean_menu_typo_transform_tablet":"","ocean_menu_typo_transform_mobile":"","ocean_menu_typo_line_height":0,"ocean_menu_typo_line_height_tablet":0,"ocean_menu_typo_line_height_mobile":0,"ocean_menu_typo_line_height_unit":"","ocean_menu_typo_spacing":0,"ocean_menu_typo_spacing_tablet":0,"ocean_menu_typo_spacing_mobile":0,"ocean_menu_typo_spacing_unit":"","ocean_menu_link_color":"","ocean_menu_link_color_hover":"","ocean_menu_link_color_active":"","ocean_menu_link_background":"","ocean_menu_link_hover_background":"","ocean_menu_link_active_background":"","ocean_menu_social_links_bg":"","ocean_menu_social_hover_links_bg":"","ocean_menu_social_links_color":"","ocean_menu_social_hover_links_color":"","ocean_disable_title":"default","ocean_disable_heading":"default","ocean_post_title":"","ocean_post_subheading":"","ocean_post_title_style":"","ocean_post_title_background_color":"","ocean_post_title_background":0,"ocean_post_title_bg_image_position":"","ocean_post_title_bg_image_attachment":"","ocean_post_title_bg_image_repeat":"","ocean_post_title_bg_image_size":"","ocean_post_title_height":0,"ocean_post_title_bg_overlay":0.5,"ocean_post_title_bg_overlay_color":"","ocean_disable_breadcrumbs":"default","ocean_breadcrumbs_color":"","ocean_breadcrumbs_separator_color":"","ocean_breadcrumbs_links_color":"","ocean_breadcrumbs_links_hover_color":"","ocean_display_footer_widgets":"default","ocean_display_footer_bottom":"default","ocean_custom_footer_template":"0","footnotes":""},"class_list":["post-2556","page","type-page","status-publish","hentry","entry","owp-thumbs-layout-horizontal","owp-btn-normal","owp-tabs-layout-horizontal","has-no-thumbnails","has-product-nav"],"_links":{"self":[{"href":"https:\/\/www.keski.fr\/v2\/wp-json\/wp\/v2\/pages\/2556","targetHints":{"allow":["GET"]}}],"collection":[{"href":"https:\/\/www.keski.fr\/v2\/wp-json\/wp\/v2\/pages"}],"about":[{"href":"https:\/\/www.keski.fr\/v2\/wp-json\/wp\/v2\/types\/page"}],"author":[{"embeddable":true,"href":"https:\/\/www.keski.fr\/v2\/wp-json\/wp\/v2\/users\/4"}],"replies":[{"embeddable":true,"href":"https:\/\/www.keski.fr\/v2\/wp-json\/wp\/v2\/comments?post=2556"}],"version-history":[{"count":29,"href":"https:\/\/www.keski.fr\/v2\/wp-json\/wp\/v2\/pages\/2556\/revisions"}],"predecessor-version":[{"id":5622,"href":"https:\/\/www.keski.fr\/v2\/wp-json\/wp\/v2\/pages\/2556\/revisions\/5622"}],"wp:attachment":[{"href":"https:\/\/www.keski.fr\/v2\/wp-json\/wp\/v2\/media?parent=2556"}],"curies":[{"name":"wp","href":"https:\/\/api.w.org\/{rel}","templated":true}]}}